en 96 is divided by j.
12
Let g = 10226 - 10156. Calculate the remainder when 10429 is divided by g.
69
Suppose -19*h + 75*h = 127288. Calculate the remainder when h is divided by 164.
141
Suppose 1200 = 33*j - 27*j. Let c = 221 - j. What is the remainder when c is divided by 14?
7
Suppose -q + 6 = -4*j + 50, 4*q = -2*j + 22. Suppose 79 = -j*x + 453. What is the remainder when x is divided by 5?
4
Suppose 753 = 4*b + 5*f, -5*b + 4*f - 11 = -942. Suppose 2163 = -180*o + b*o. What is the remainder when o is divided by 13?
10
Suppose -132*w - 2*l = -134*w + 2238, 3*w - 3365 = -5*l. What is the remainder when w is divided by 369?
13
Suppose -11*y - 3936 = -845. Let l = y - -287. Let h(p) = -p**2 - 9*p + 11. Calculate the remainder when h(-8) is divided by l.
1
Suppose -68*f + 1297 + 6999 = 0. Calculate the remainder when f is divided by 120.
2
Suppose -x - 5*r - 46 = 3*x, -2*r = -5*x - 41. Let y be ((135/20)/x)/(1/260). Let d = y + 306. Calculate the remainder when d is divided by 38.
35
Let i = 247 - 255. What is the remainder when 264 is divided by 15 + (25/20)/(2/i)?
4
Suppose -8*h + 46 + 154 = 0. Let l = 54 - h. What is the remainder when 73 is divided by l?
15
Suppose 0 = -29*c - 698 + 1249. What is the remainder when 321 is divided by c?
17
Suppose 0 = 4*u - 5*x - 955, 5*u + 19*x = 14*x + 1205. Suppose 7*v - 27*v = -u. Calculate the remainder when 16 is divided by v.
4
Suppose -84*d + 45*d + 138*d = 3564. What is the remainder when (4/3)/(2/588) is divided by d?
32
What is the remainder when (((-38)/8 - -4)*-8)/((-21)/(-910)) is divided by 45?
35
Let i = -388 - -391. Suppose -167 = -i*x + 277. What is the remainder when x is divided by 17?
12
Let l = -3051 - -3603. Calculate the remainder when l is divided by 37.
34
Let r(m) = m. Let s be r(5). Suppose 128 = -n + s*n. Suppose 4*w = 3*i - 53, 64 = 4*i - 8*w + 4*w. Calculate the remainder when n is divided by i.
10
Suppose -12 = 7*k - 47. Suppose 3*g - 12 = 0, -3*b = 2*b - k*g - 120. Let f = -77 - -159. Calculate the remainder when f is divided by b.
26
Let s(o) = -o**3 + o**2 - o + 19. Let l(q) = 6*q + 0*q**2 + 94 + q**2 - 85. Let z be l(-3). What is the remainder when 35 is divided by s(z)?
16
Let v(m) = 2*m**3 - 27*m**2 - 692*m - 15. Calculate the remainder when 7388 is divided by v(-13).
20
Suppose -18*b - 182 + 1069 = -265. What is the remainder when 319 is divided by b?
63
Let v(z) = -1688*z - 447. Calculate the remainder when v(-1) is divided by 56.
9
Let j = -113 - -262. Suppose -j + 197 = 4*x. Calculate the remainder when 81 is divided by x.
9
Let l(y) = 8*y**2 - 25*y + 173. Calculate the remainder when l(5) is divided by 48.
8
Suppose 0 = -2*m + m + 4*o + 16, -2*m + o = -39. Suppose 0 = -m*t - 1484 + 8944. Calculate the remainder when t is divided by 94.
91
Let x be ((-16)/6)/((-8)/24). Suppose 0 = -19*g + 180 + 352. What is the remainder when g is divided by 5/20 - (-70)/x?
1
Let s(t) = -184*t + 13. Calculate the remainder when 60 is divided by s(0).
8
Let z = 58 - 203. Let v = -106 - z. Calculate the remainder when 76 is divided by v.
37
Suppose -s = 5*h + 99, -5*s + 2*h = -h + 411. Let d = -73 - s. Let n = 1 + d. What is the remainder when 70 is divided by n?
10
Let h(j) = 9*j**3 + j**2 - 4*j - 135. Calculate the remainder when h(5) is divided by 12.
11
Calculate the remainder when 82 + -94 + (3531 - -1) is divided by 43.
37
Suppose 0 = 5*p - f - 154 - 227, 3*f + 93 = p. What is the remainder when 292 is divided by p?
67
Suppose -3*s = -l + 529 + 1145, -5*s - l - 2782 = 0. Let w = s + 584. Suppose 0 = 6*g - 2*g - 308. What is the remainder when g is divided by w?
23
Suppose -548 = 9*b - 755. Suppose r - 35 - 34 = 0. Suppose 249 = 4*p + r. Calculate the remainder when p is divided by b.
22
Suppose 223 = 5*j - 117. What is the remainder when 422 is divided by j?
14
Suppose -17*h = -14*h + 4*x - 544, -4*h + 5*x + 715 = 0. Let p = h + 395. What is the remainder when p is divided by 16?
15
Let t = -7 + 18. Let o(f) = -38*f - 87. Let j be o(-4). Suppose -j*b + 69*b = 24. What is the remainder when t is divided by b?
5
Suppose 11*n = 3*n - 72. Let p be 3/(n/(-15)) - 1. Suppose 0*t + 172 = p*t. What is the remainder when t is divided by 23?
20
Let j(k) = 2748*k - 9441. Calculate the remainder when j(7) is divided by 13.
6
Suppose 6*o - 76 = 4*o - a, -3*o - 2*a = -112. Calculate the remainder when 232 is divided by o.
32
Let c be 13 + (3 + -3)/(-3). Let n = -8 + c. Suppose 5*g = 2*l + l - 19, -3*g - 21 = -n*l. Calculate the remainder when 6 is divided by l.
0
Suppose u - 27 + 217 = 5*g, -4*u = 20. Let t(b) = b**2 + 10*b - 19. Let n be t(-12). Suppose n*f = 9*f - 56. Calculate the remainder when g is divided by f.
9
Suppose 40 = 16*i - 8. Suppose l - 3*l - 3*p + 38 = 0, i*l - 35 = p. What is the remainder when 23 is divided by l?
10
Let t(k) = -2*k + 44. Suppose -4*a + 21*d = 18*d - 449, 4*d + 122 = a. Calculate the remainder when a is divided by t(15).
12
Let s = -13450 - -14199. What is the remainder when s is divided by 244?
17
Let v = -1951 + 2014. Let g(u) = -22*u - 19. What is the remainder when g(-9) is divided by v?
53
Suppose 8*v = 5*v + 684. Suppose 2*h = -17*h + v. What is the remainder when 68 is divided by h?
8
Let o(w) = -7591*w - 22642. Let i = 40 + -6. Calculate the remainder when o(-3) is divided by i.
29
Suppose -3*s - 19 = -25, -4*k - 3*s + 110 = 0. Calculate the remainder when 461 is divided by k.
19
Suppose 388*x + 918 = -464 + 8754. Suppose -15 = -3*w - 3. Suppose -b + 10 = 4*k + k, -k = -w*b + 103. Calculate the remainder when b is divided by x.
6
Suppose -5*g - 2*v + 124 - 19 = 0, -2*g = v - 41. Suppose -g*l + 836 = -130. What is the remainder when 194 is divided by l?
26
Let b(k) = -31*k - 3. Let x = -20 + 19. Let q be b(x). What is the remainder when -15*(q/12 + -4) is divided by 7?
4
Suppose -3*n = 2*t - 28, -4*n + 6 = -5*t - 16. Let w(a) = a**3 - 53*a**2 + 111*a - 404. What is the remainder when w(51) is divided by n?
7
Suppose -2*w + 1024 = d, 2*w - 391 = 5*d + 657. What is the remainder when w is divided by 177?
160
Let k(j) = -j**3 - 19*j**2 - 95*j - 9. Calculate the remainder when k(-13) is divided by ((-56)/(-20))/7 + 268/5.
50
Let b(f) = f**2 - 4*f - 8. Let o be b(9). Let z = -27 + o. Let j = z + -9. What is the remainder when 4 is divided by j?
0
Let d(y) = 2097*y + 6531. Calculate the remainder when d(-3) is divided by 1.
0
Suppose -18*j = -37*j + 570. Calculate the remainder when 148 is divided by (j/8)/((-7)/((-336)/9)).
8
Suppose -780 = -24*c - 41*c. Calculate the remainder when (-4)/(39/72 + (-8)/12) is divided by c.
8
Suppose -n + 912 + 1013 = 5*f, 0 = -5*n - 25. Calculate the remainder when f is divided by 8.
2
Let r = 23960 - 23254. Calculate the remainder when r is divided by 126.
76
Let i(b) = -b**3 + 7*b**2 + 6*b - 4. Calculate the remainder when 850 is divided by i(7).
14
Suppose -4*x - 2*h + 242 = 0, 52*x - 249 = 49*x + 3*h. Let k(c) = 2*c**2 + 3. What is the remainder when x is divided by k(-5)?
15
Suppose 201 = -2*l + 4*a + 607, -4*l - 3*a = -746. What is the remainder when 3237 is divided by l?
181
What is the remainder when (10/125)/((-3)/15) + 1527/5 is divided by 154?
151
Suppose -v - 39 = -2*j + 12, j - 36 = -3*v. Let b be (5400/4)/(-3) + 0. What is the remainder when (-950)/(-12) + b/(-540) is divided by j?
26
Suppose 4*d - 462 = -490, -o - 4*d = 9. What is the remainder when 1933 is divided by o?
14
Let o = 33 - 22. Let g be o/2 + 14/(-28). Suppose -2*r = -5*c - 53, -g*c - 29 = 3*r - 121. What is the remainder when r is divided by 10?
9
Let k be (-3)/(-4) - (-172)/(-16). Let i be (k/8)/((-11)/88). Let r = i - 7. What is the remainder when 6 is divided by r?
0
Let z(t) = -2*t**2 - 130*t - 425. Calculate the remainder when z(-61) is divided by 9.
0
Let s = 22 + -111. Let w = 121 + s. Calculate the remainder when 61 is divided by w.
29
Let o be 2 + -3 - 2/(-2). Suppose o = -t - 9*t + 940. Suppose -t = -4*h + 2. Calculate the remainder when 70 is divided by h.
22
Suppose 4*s + 0*s + 12 = 0, -5*z + 5*s + 245 = 0. Let g(n) = -n**2 - n - 3. Let t be g(0). What is the remainder when (1/(t/62))/(z/(-69)) is divided by 12?
7
Let o be (-1 + 10)*18/27. Suppose 2*y - 377 - 105 = 4*k, 0 = -2*y + o. Let d = k - -215. Calculate the remainder whe